{"id":7,"date":"2019-05-01T15:57:49","date_gmt":"2019-05-01T13:57:49","guid":{"rendered":"http:\/\/www.corneliagraef.de\/textberatung\/?page_id=7"},"modified":"2020-09-23T13:45:02","modified_gmt":"2020-09-23T11:45:02","slug":"werdegang","status":"publish","type":"page","link":"https:\/\/www.corneliagraef.de\/textberatung\/werdegang\/","title":{"rendered":"Werdegang"},"content":{"rendered":"<p>Sprache(n) und Texte faszinierten mich von klein auf. So gr\u00fcndete ich im Grundschulalter mit Freunden die Zeitschrift &#8222;Umweltkiste&#8220; (die es zugegebenerma\u00dfen nicht auf riesige Auflagenzahlen brachte&#8230;). Auf dem Gymnasium folgte die Mitarbeit an der Sch\u00fclerzeitung, bevor ich an der Ruprecht-Karls-Universit\u00e4t Heidelberg das Germanistik- und Anglistik-Studium aufnahm. W\u00e4hrenddessen habe ich neun Monate in Gro\u00dfbritannien gelebt und gearbeitet.<\/p>\n<p><img loading=\"lazy\" decoding=\"async\" class=\"alignleft wp-image-81 \" src=\"https:\/\/www.corneliagraef.de\/wp-content\/uploads\/sites\/3\/2019\/07\/cornelia-gr\u00e4f-foto.1024x1024-300x300.jpg\" alt=\"Cornelia Gr\u00e4f\" width=\"238\" height=\"238\" srcset=\"https:\/\/www.corneliagraef.de\/wp-content\/uploads\/sites\/3\/2019\/07\/cornelia-gr\u00e4f-foto.1024x1024-300x300.jpg 300w, https:\/\/www.corneliagraef.de\/wp-content\/uploads\/sites\/3\/2019\/07\/cornelia-gr\u00e4f-foto.1024x1024-150x150.jpg 150w, https:\/\/www.corneliagraef.de\/wp-content\/uploads\/sites\/3\/2019\/07\/cornelia-gr\u00e4f-foto.1024x1024-768x768.jpg 768w, https:\/\/www.corneliagraef.de\/wp-content\/uploads\/sites\/3\/2019\/07\/cornelia-gr\u00e4f-foto.1024x1024-100x100.jpg 100w, https:\/\/www.corneliagraef.de\/wp-content\/uploads\/sites\/3\/2019\/07\/cornelia-gr\u00e4f-foto.1024x1024.jpg 1024w\" sizes=\"auto, (max-width: 238px) 100vw, 238px\" \/>Im Studium lag mein Schwerpunkt auf Kommunikation, Medien und \u00d6ffentlichkeitsarbeit. Neben der Uni arbeitete ich als Freie Mitarbeiterin bei der Rhein-Neckar-Zeitung sowie im Redaktionsteam der Zeitschrift &#8222;Campus HD&#8220; des Studierendenwerks Heidelberg. Dort trat ich nach Abschluss meines Studiums die Stelle als Referentin f\u00fcr externe Unternehmenskommunikation an.<\/p>\n<p>Von dort f\u00fchrte mich mein Weg nach New York City. Als Media &amp; Operations Intern am Deutschen Wissenschafts- und Innovationshaus (German Center for Research and Innovation) sammelte ich wertvolle Erfahrungen.<\/p>\n<p>Nach meiner R\u00fcckkehr nach Deutschland machte ich mich als <a href=\"http:\/\/www.corneliagraef.de\/textberatung\/new-york-city-and-me\/\">Autorin<\/a>, Texterin, \u00dcbersetzerin und PR-Beraterin selbstst\u00e4ndig. Seitdem ist es mir eine gro\u00dfe Freude f\u00fcr <a href=\"http:\/\/www.corneliagraef.de\/textberatung\/referenzen\/\">unterschiedliche Kunden<\/a> (von der Privatperson zum Global Player) aus dem In- und Ausland mein K\u00f6nnen und meine Erfahrung einzubringen.<\/p>\n<p>Ich freue mich, wenn ich auch Sie mit individuell ma\u00dfgeschneiderten Texten und \u00dcbersetzungen unterst\u00fctzen darf. Nehmen Sie <a href=\"http:\/\/www.corneliagraef.de\/textberatung\/kontakt\/\">Kontakt<\/a> auf!<\/p>\n\n\n<p><\/p>\n","protected":false},"excerpt":{"rendered":"<p>Sprache(n) und Texte faszinierten mich von klein auf. So gr\u00fcndete ich im Grundschulalter mit Freunden die Zeitschrift &#8222;Umweltkiste&#8220; (die es zugegebenerma\u00dfen nicht auf riesige Auflagenzahlen brachte&#8230;). Auf dem Gymnasium folgte die Mitarbeit an der Sch\u00fclerzeitung, bevor ich an der Ruprecht-Karls-Universit\u00e4t Heidelberg das Germanistik- und Anglistik-Studium aufnahm. W\u00e4hrenddessen habe ich neun Monate in Gro\u00dfbritannien gelebt und &hellip; <\/p>\n<p class=\"link-more\"><a href=\"https:\/\/www.corneliagraef.de\/textberatung\/werdegang\/\" class=\"more-link\"><span class=\"screen-reader-text\">\u201eWerdegang\u201c<\/span> weiterlesen<\/a><\/p>\n","protected":false},"author":1,"featured_media":0,"parent":0,"menu_order":0,"comment_status":"closed","ping_status":"closed","template":"","meta":{"inline_featured_image":false,"_monsterinsights_skip_tracking":false,"_monsterinsights_sitenote_active":false,"_monsterinsights_sitenote_note":"","_monsterinsights_sitenote_category":0,"footnotes":""},"class_list":["post-7","page","type-page","status-publish","hentry"],"yoast_head":"<!-- This site is optimized with the Yoast SEO plugin v26.0 - https:\/\/yoast.com\/wordpress\/plugins\/seo\/ -->\n<title>Werdegang - Cornelia Gr\u00e4f<\/title>\n<meta name=\"description\" content=\"Neben einem Magisterabschluss in Germanistik und Anglistik habe ich u.a. als freie Redakteurin und in der Unternehmenskommunikation gearbeitet.\" \/>\n<meta name=\"robots\" content=\"index, follow, max-snippet:-1, max-image-preview:large, max-video-preview:-1\" \/>\n<link rel=\"canonical\" href=\"https:\/\/www.corneliagraef.de\/textberatung\/werdegang\/\" \/>\n<meta property=\"og:locale\" content=\"de_DE\" \/>\n<meta property=\"og:type\" content=\"article\" \/>\n<meta property=\"og:title\" content=\"Werdegang - Cornelia Gr\u00e4f\" \/>\n<meta property=\"og:description\" content=\"Neben einem Magisterabschluss in Germanistik und Anglistik habe ich u.a. als freie Redakteurin und in der Unternehmenskommunikation gearbeitet.\" \/>\n<meta property=\"og:url\" content=\"https:\/\/www.corneliagraef.de\/textberatung\/werdegang\/\" \/>\n<meta property=\"og:site_name\" content=\"Cornelia Gr\u00e4f\" \/>\n<meta property=\"article:modified_time\" content=\"2020-09-23T11:45:02+00:00\" \/>\n<meta name=\"twitter:card\" content=\"summary_large_image\" \/>\n<meta name=\"twitter:label1\" content=\"Gesch\u00e4tzte Lesezeit\" \/>\n\t<meta name=\"twitter:data1\" content=\"1\u00a0Minute\" \/>\n<script type=\"application\/ld+json\" class=\"yoast-schema-graph\">{\"@context\":\"https:\/\/schema.org\",\"@graph\":[{\"@type\":\"WebPage\",\"@id\":\"https:\/\/www.corneliagraef.de\/textberatung\/werdegang\/\",\"url\":\"https:\/\/www.corneliagraef.de\/textberatung\/werdegang\/\",\"name\":\"Werdegang - Cornelia Gr\u00e4f\",\"isPartOf\":{\"@id\":\"https:\/\/www.corneliagraef.de\/textberatung\/#website\"},\"datePublished\":\"2019-05-01T13:57:49+00:00\",\"dateModified\":\"2020-09-23T11:45:02+00:00\",\"description\":\"Neben einem Magisterabschluss in Germanistik und Anglistik habe ich u.a. als freie Redakteurin und in der Unternehmenskommunikation gearbeitet.\",\"breadcrumb\":{\"@id\":\"https:\/\/www.corneliagraef.de\/textberatung\/werdegang\/#breadcrumb\"},\"inLanguage\":\"de\",\"potentialAction\":[{\"@type\":\"ReadAction\",\"target\":[\"https:\/\/www.corneliagraef.de\/textberatung\/werdegang\/\"]}]},{\"@type\":\"BreadcrumbList\",\"@id\":\"https:\/\/www.corneliagraef.de\/textberatung\/werdegang\/#breadcrumb\",\"itemListElement\":[{\"@type\":\"ListItem\",\"position\":1,\"name\":\"Home\",\"item\":\"https:\/\/www.corneliagraef.de\/textberatung\/\"},{\"@type\":\"ListItem\",\"position\":2,\"name\":\"Werdegang\"}]},{\"@type\":\"WebSite\",\"@id\":\"https:\/\/www.corneliagraef.de\/textberatung\/#website\",\"url\":\"https:\/\/www.corneliagraef.de\/textberatung\/\",\"name\":\"Cornelia Gr\u00e4f\",\"description\":\"\",\"publisher\":{\"@id\":\"https:\/\/www.corneliagraef.de\/textberatung\/#organization\"},\"potentialAction\":[{\"@type\":\"SearchAction\",\"target\":{\"@type\":\"EntryPoint\",\"urlTemplate\":\"https:\/\/www.corneliagraef.de\/textberatung\/?s={search_term_string}\"},\"query-input\":{\"@type\":\"PropertyValueSpecification\",\"valueRequired\":true,\"valueName\":\"search_term_string\"}}],\"inLanguage\":\"de\"},{\"@type\":\"Organization\",\"@id\":\"https:\/\/www.corneliagraef.de\/textberatung\/#organization\",\"name\":\"Cornelia Gr\u00e4f\",\"url\":\"https:\/\/www.corneliagraef.de\/textberatung\/\",\"logo\":{\"@type\":\"ImageObject\",\"inLanguage\":\"de\",\"@id\":\"https:\/\/www.corneliagraef.de\/textberatung\/#\/schema\/logo\/image\/\",\"url\":\"https:\/\/www.corneliagraef.de\/wp-content\/uploads\/sites\/3\/2019\/08\/cropped-Hero_Textberatung-03_neu.jpg\",\"contentUrl\":\"https:\/\/www.corneliagraef.de\/wp-content\/uploads\/sites\/3\/2019\/08\/cropped-Hero_Textberatung-03_neu.jpg\",\"width\":249,\"height\":250,\"caption\":\"Cornelia Gr\u00e4f\"},\"image\":{\"@id\":\"https:\/\/www.corneliagraef.de\/textberatung\/#\/schema\/logo\/image\/\"}}]}<\/script>\n<!-- \/ Yoast SEO plugin. -->","yoast_head_json":{"title":"Werdegang - Cornelia Gr\u00e4f","description":"Neben einem Magisterabschluss in Germanistik und Anglistik habe ich u.a. als freie Redakteurin und in der Unternehmenskommunikation gearbeitet.","robots":{"index":"index","follow":"follow","max-snippet":"max-snippet:-1","max-image-preview":"max-image-preview:large","max-video-preview":"max-video-preview:-1"},"canonical":"https:\/\/www.corneliagraef.de\/textberatung\/werdegang\/","og_locale":"de_DE","og_type":"article","og_title":"Werdegang - Cornelia Gr\u00e4f","og_description":"Neben einem Magisterabschluss in Germanistik und Anglistik habe ich u.a. als freie Redakteurin und in der Unternehmenskommunikation gearbeitet.","og_url":"https:\/\/www.corneliagraef.de\/textberatung\/werdegang\/","og_site_name":"Cornelia Gr\u00e4f","article_modified_time":"2020-09-23T11:45:02+00:00","twitter_card":"summary_large_image","twitter_misc":{"Gesch\u00e4tzte Lesezeit":"1\u00a0Minute"},"schema":{"@context":"https:\/\/schema.org","@graph":[{"@type":"WebPage","@id":"https:\/\/www.corneliagraef.de\/textberatung\/werdegang\/","url":"https:\/\/www.corneliagraef.de\/textberatung\/werdegang\/","name":"Werdegang - Cornelia Gr\u00e4f","isPartOf":{"@id":"https:\/\/www.corneliagraef.de\/textberatung\/#website"},"datePublished":"2019-05-01T13:57:49+00:00","dateModified":"2020-09-23T11:45:02+00:00","description":"Neben einem Magisterabschluss in Germanistik und Anglistik habe ich u.a. als freie Redakteurin und in der Unternehmenskommunikation gearbeitet.","breadcrumb":{"@id":"https:\/\/www.corneliagraef.de\/textberatung\/werdegang\/#breadcrumb"},"inLanguage":"de","potentialAction":[{"@type":"ReadAction","target":["https:\/\/www.corneliagraef.de\/textberatung\/werdegang\/"]}]},{"@type":"BreadcrumbList","@id":"https:\/\/www.corneliagraef.de\/textberatung\/werdegang\/#breadcrumb","itemListElement":[{"@type":"ListItem","position":1,"name":"Home","item":"https:\/\/www.corneliagraef.de\/textberatung\/"},{"@type":"ListItem","position":2,"name":"Werdegang"}]},{"@type":"WebSite","@id":"https:\/\/www.corneliagraef.de\/textberatung\/#website","url":"https:\/\/www.corneliagraef.de\/textberatung\/","name":"Cornelia Gr\u00e4f","description":"","publisher":{"@id":"https:\/\/www.corneliagraef.de\/textberatung\/#organization"},"potentialAction":[{"@type":"SearchAction","target":{"@type":"EntryPoint","urlTemplate":"https:\/\/www.corneliagraef.de\/textberatung\/?s={search_term_string}"},"query-input":{"@type":"PropertyValueSpecification","valueRequired":true,"valueName":"search_term_string"}}],"inLanguage":"de"},{"@type":"Organization","@id":"https:\/\/www.corneliagraef.de\/textberatung\/#organization","name":"Cornelia Gr\u00e4f","url":"https:\/\/www.corneliagraef.de\/textberatung\/","logo":{"@type":"ImageObject","inLanguage":"de","@id":"https:\/\/www.corneliagraef.de\/textberatung\/#\/schema\/logo\/image\/","url":"https:\/\/www.corneliagraef.de\/wp-content\/uploads\/sites\/3\/2019\/08\/cropped-Hero_Textberatung-03_neu.jpg","contentUrl":"https:\/\/www.corneliagraef.de\/wp-content\/uploads\/sites\/3\/2019\/08\/cropped-Hero_Textberatung-03_neu.jpg","width":249,"height":250,"caption":"Cornelia Gr\u00e4f"},"image":{"@id":"https:\/\/www.corneliagraef.de\/textberatung\/#\/schema\/logo\/image\/"}}]}},"_links":{"self":[{"href":"https:\/\/www.corneliagraef.de\/textberatung\/wp-json\/wp\/v2\/pages\/7","targetHints":{"allow":["GET"]}}],"collection":[{"href":"https:\/\/www.corneliagraef.de\/textberatung\/wp-json\/wp\/v2\/pages"}],"about":[{"href":"https:\/\/www.corneliagraef.de\/textberatung\/wp-json\/wp\/v2\/types\/page"}],"author":[{"embeddable":true,"href":"https:\/\/www.corneliagraef.de\/textberatung\/wp-json\/wp\/v2\/users\/1"}],"replies":[{"embeddable":true,"href":"https:\/\/www.corneliagraef.de\/textberatung\/wp-json\/wp\/v2\/comments?post=7"}],"version-history":[{"count":9,"href":"https:\/\/www.corneliagraef.de\/textberatung\/wp-json\/wp\/v2\/pages\/7\/revisions"}],"predecessor-version":[{"id":342,"href":"https:\/\/www.corneliagraef.de\/textberatung\/wp-json\/wp\/v2\/pages\/7\/revisions\/342"}],"wp:attachment":[{"href":"https:\/\/www.corneliagraef.de\/textberatung\/wp-json\/wp\/v2\/media?parent=7"}],"curies":[{"name":"wp","href":"https:\/\/api.w.org\/{rel}","templated":true}]}}

<p>Sprache(n) und Texte faszinierten mich von klein auf. So gründete ich im Grundschulalter mit Freunden die Zeitschrift &#8222;Umweltkiste&#8220; (die es zugegebenermaßen nicht auf riesige Auflagenzahlen brachte&#8230;). Auf dem Gymnasium folgte die Mitarbeit an der Schülerzeitung, bevor ich an der Ruprecht-Karls-Universität Heidelberg das Germanistik- und Anglistik-Studium aufnahm. Währenddessen habe ich neun Monate in Großbritannien gelebt und gearbeitet.</p>
<p><img loading="lazy" decoding="async" class="alignleft wp-image-81 " src="https://www.corneliagraef.de/wp-content/uploads/sites/3/2019/07/cornelia-gräf-foto.1024x1024-300x300.jpg" alt="Cornelia Gräf" width="238" height="238" srcset="https://www.corneliagraef.de/wp-content/uploads/sites/3/2019/07/cornelia-gräf-foto.1024x1024-300x300.jpg 300w, https://www.corneliagraef.de/wp-content/uploads/sites/3/2019/07/cornelia-gräf-foto.1024x1024-150x150.jpg 150w, https://www.corneliagraef.de/wp-content/uploads/sites/3/2019/07/cornelia-gräf-foto.1024x1024-768x768.jpg 768w, https://www.corneliagraef.de/wp-content/uploads/sites/3/2019/07/cornelia-gräf-foto.1024x1024-100x100.jpg 100w, https://www.corneliagraef.de/wp-content/uploads/sites/3/2019/07/cornelia-gräf-foto.1024x1024.jpg 1024w" sizes="auto, (max-width: 238px) 100vw, 238px" />Im Studium lag mein Schwerpunkt auf Kommunikation, Medien und Öffentlichkeitsarbeit. Neben der Uni arbeitete ich als Freie Mitarbeiterin bei der Rhein-Neckar-Zeitung sowie im Redaktionsteam der Zeitschrift &#8222;Campus HD&#8220; des Studierendenwerks Heidelberg. Dort trat ich nach Abschluss meines Studiums die Stelle als Referentin für externe Unternehmenskommunikation an.</p>
<p>Von dort führte mich mein Weg nach New York City. Als Media &amp; Operations Intern am Deutschen Wissenschafts- und Innovationshaus (German Center for Research and Innovation) sammelte ich wertvolle Erfahrungen.</p>
<p>Nach meiner Rückkehr nach Deutschland machte ich mich als <a href="http://www.corneliagraef.de/textberatung/new-york-city-and-me/">Autorin</a>, Texterin, Übersetzerin und PR-Beraterin selbstständig. Seitdem ist es mir eine große Freude für <a href="http://www.corneliagraef.de/textberatung/referenzen/">unterschiedliche Kunden</a> (von der Privatperson zum Global Player) aus dem In- und Ausland mein Können und meine Erfahrung einzubringen.</p>
<p>Ich freue mich, wenn ich auch Sie mit individuell maßgeschneiderten Texten und Übersetzungen unterstützen darf. Nehmen Sie <a href="http://www.corneliagraef.de/textberatung/kontakt/">Kontakt</a> auf!</p>


<p></p>

<p>Sprache(n) und Texte faszinierten mich von klein auf. So gründete ich im Grundschulalter mit Freunden die Zeitschrift &#8222;Umweltkiste&#8220; (die es zugegebenermaßen nicht auf riesige Auflagenzahlen brachte&#8230;). Auf dem Gymnasium folgte die Mitarbeit an der Schülerzeitung, bevor ich an der Ruprecht-Karls-Universität Heidelberg das Germanistik- und Anglistik-Studium aufnahm. Währenddessen habe ich neun Monate in Großbritannien gelebt und &hellip; </p>
<p class="link-more"><a href="https://www.corneliagraef.de/textberatung/werdegang/" class="more-link"><span class="screen-reader-text">„Werdegang“</span> weiterlesen</a></p>

<!-- This site is optimized with the Yoast SEO plugin v26.0 - https://yoast.com/wordpress/plugins/seo/ -->
<title>Werdegang - Cornelia Gräf</title>
<meta name="description" content="Neben einem Magisterabschluss in Germanistik und Anglistik habe ich u.a. als freie Redakteurin und in der Unternehmenskommunikation gearbeitet." />
<meta name="robots" content="index, follow, max-snippet:-1, max-image-preview:large, max-video-preview:-1" />
<link rel="canonical" href="https://www.corneliagraef.de/textberatung/werdegang/" />
<meta property="og:locale" content="de_DE" />
<meta property="og:type" content="article" />
<meta property="og:title" content="Werdegang - Cornelia Gräf" />
<meta property="og:description" content="Neben einem Magisterabschluss in Germanistik und Anglistik habe ich u.a. als freie Redakteurin und in der Unternehmenskommunikation gearbeitet." />
<meta property="og:url" content="https://www.corneliagraef.de/textberatung/werdegang/" />
<meta property="og:site_name" content="Cornelia Gräf" />
<meta property="article:modified_time" content="2020-09-23T11:45:02+00:00" />
<meta name="twitter:card" content="summary_large_image" />
<meta name="twitter:label1" content="Geschätzte Lesezeit" />
	<meta name="twitter:data1" content="1 Minute" />
<script type="application/ld+json" class="yoast-schema-graph">{"@context":"https://schema.org","@graph":[{"@type":"WebPage","@id":"https://www.corneliagraef.de/textberatung/werdegang/","url":"https://www.corneliagraef.de/textberatung/werdegang/","name":"Werdegang - Cornelia Gräf","isPartOf":{"@id":"https://www.corneliagraef.de/textberatung/#website"},"datePublished":"2019-05-01T13:57:49+00:00","dateModified":"2020-09-23T11:45:02+00:00","description":"Neben einem Magisterabschluss in Germanistik und Anglistik habe ich u.a. als freie Redakteurin und in der Unternehmenskommunikation gearbeitet.","breadcrumb":{"@id":"https://www.corneliagraef.de/textberatung/werdegang/#breadcrumb"},"inLanguage":"de","potentialAction":[{"@type":"ReadAction","target":["https://www.corneliagraef.de/textberatung/werdegang/"]}]},{"@type":"BreadcrumbList","@id":"https://www.corneliagraef.de/textberatung/werdegang/#breadcrumb","itemListElement":[{"@type":"ListItem","position":1,"name":"Home","item":"https://www.corneliagraef.de/textberatung/"},{"@type":"ListItem","position":2,"name":"Werdegang"}]},{"@type":"WebSite","@id":"https://www.corneliagraef.de/textberatung/#website","url":"https://www.corneliagraef.de/textberatung/","name":"Cornelia Gräf","description":"","publisher":{"@id":"https://www.corneliagraef.de/textberatung/#organization"},"potentialAction":[{"@type":"SearchAction","target":{"@type":"EntryPoint","urlTemplate":"https://www.corneliagraef.de/textberatung/?s={search_term_string}"},"query-input":{"@type":"PropertyValueSpecification","valueRequired":true,"valueName":"search_term_string"}}],"inLanguage":"de"},{"@type":"Organization","@id":"https://www.corneliagraef.de/textberatung/#organization","name":"Cornelia Gräf","url":"https://www.corneliagraef.de/textberatung/","logo":{"@type":"ImageObject","inLanguage":"de","@id":"https://www.corneliagraef.de/textberatung/#/schema/logo/image/","url":"https://www.corneliagraef.de/wp-content/uploads/sites/3/2019/08/cropped-Hero_Textberatung-03_neu.jpg","contentUrl":"https://www.corneliagraef.de/wp-content/uploads/sites/3/2019/08/cropped-Hero_Textberatung-03_neu.jpg","width":249,"height":250,"caption":"Cornelia Gräf"},"image":{"@id":"https://www.corneliagraef.de/textberatung/#/schema/logo/image/"}}]}</script>
<!-- / Yoast SEO plugin. -->

Werdegang - Cornelia Gräf

Cornelia Gräf
