{"id":19,"date":"2019-05-01T15:58:53","date_gmt":"2019-05-01T13:58:53","guid":{"rendered":"http:\/\/www.corneliagraef.de\/textberatung\/?page_id=19"},"modified":"2019-08-31T15:38:33","modified_gmt":"2019-08-31T13:38:33","slug":"korrektorat-lektorat","status":"publish","type":"page","link":"https:\/\/www.corneliagraef.de\/textberatung\/korrektorat-lektorat\/","title":{"rendered":"Korrektorat &#038; Lektorat"},"content":{"rendered":"<p>Vier Augen sehen mehr als zwei \u2013 deshalb lese ich gerne Ihre Texte Korrektur. Mit <strong>fehlerfreien Texten<\/strong> zeigen Sie Ihren Kunden und Gesch\u00e4ftspartnern <strong>Professionalit\u00e4t<\/strong> und <strong>Liebe zum Detail<\/strong>.<\/p>\n<p>Egal, ob Sie ein wichtiges Schreiben verfassen, eine Brosch\u00fcre f\u00fcr Ihr Unternehmen oder Ihren Verein drucken lassen oder eine Abschlussarbeit ansteht \u2013 <strong>mit geschultem Blick \u00fcberpr\u00fcfe ich Ihren Text auf Rechtschreibung und Zeichensetzung sowie Ausdruck und Koh\u00e4renz (logischer Aufbau).&nbsp;<\/strong><\/p>\n<p>Je nach Thema biete ich auch ein Lektorat.<\/p>\n<p>Nehmen Sie Kontakt mit mir auf!<\/p>\n","protected":false},"excerpt":{"rendered":"<p>Vier Augen sehen mehr als zwei \u2013 deshalb lese ich gerne Ihre Texte Korrektur. Mit fehlerfreien Texten zeigen Sie Ihren Kunden und Gesch\u00e4ftspartnern Professionalit\u00e4t und Liebe zum Detail. Egal, ob Sie ein wichtiges Schreiben verfassen, eine Brosch\u00fcre f\u00fcr Ihr Unternehmen oder Ihren Verein drucken lassen oder eine Abschlussarbeit ansteht \u2013 mit geschultem Blick \u00fcberpr\u00fcfe ich &hellip; <\/p>\n<p class=\"link-more\"><a href=\"https:\/\/www.corneliagraef.de\/textberatung\/korrektorat-lektorat\/\" class=\"more-link\"><span class=\"screen-reader-text\">\u201eKorrektorat &#038; Lektorat\u201c<\/span> weiterlesen<\/a><\/p>\n","protected":false},"author":1,"featured_media":0,"parent":0,"menu_order":0,"comment_status":"closed","ping_status":"closed","template":"","meta":{"inline_featured_image":false,"_monsterinsights_skip_tracking":false,"_monsterinsights_sitenote_active":false,"_monsterinsights_sitenote_note":"","_monsterinsights_sitenote_category":0,"footnotes":""},"class_list":["post-19","page","type-page","status-publish","hentry"],"yoast_head":"<!-- This site is optimized with the Yoast SEO plugin v26.0 - https:\/\/yoast.com\/wordpress\/plugins\/seo\/ -->\n<title>Korrektorat &amp; Lektorat - Cornelia Gr\u00e4f<\/title>\n<meta name=\"description\" content=\"Sie m\u00f6chten Ihre Professionalit\u00e4t mit einem fehlerfreien Text zeigen? Ich korrigiere Buchmanuskripte, Bachelorarbeiten, Masterarbeiten uvm.\" \/>\n<meta name=\"robots\" content=\"index, follow, max-snippet:-1, max-image-preview:large, max-video-preview:-1\" \/>\n<link rel=\"canonical\" href=\"https:\/\/www.corneliagraef.de\/textberatung\/korrektorat-lektorat\/\" \/>\n<meta property=\"og:locale\" content=\"de_DE\" \/>\n<meta property=\"og:type\" content=\"article\" \/>\n<meta property=\"og:title\" content=\"Korrektorat &amp; Lektorat - Cornelia Gr\u00e4f\" \/>\n<meta property=\"og:description\" content=\"Sie m\u00f6chten Ihre Professionalit\u00e4t mit einem fehlerfreien Text zeigen? Ich korrigiere Buchmanuskripte, Bachelorarbeiten, Masterarbeiten uvm.\" \/>\n<meta property=\"og:url\" content=\"https:\/\/www.corneliagraef.de\/textberatung\/korrektorat-lektorat\/\" \/>\n<meta property=\"og:site_name\" content=\"Cornelia Gr\u00e4f\" \/>\n<meta property=\"article:modified_time\" content=\"2019-08-31T13:38:33+00:00\" \/>\n<meta name=\"twitter:card\" content=\"summary_large_image\" \/>\n<script type=\"application\/ld+json\" class=\"yoast-schema-graph\">{\"@context\":\"https:\/\/schema.org\",\"@graph\":[{\"@type\":\"WebPage\",\"@id\":\"https:\/\/www.corneliagraef.de\/textberatung\/korrektorat-lektorat\/\",\"url\":\"https:\/\/www.corneliagraef.de\/textberatung\/korrektorat-lektorat\/\",\"name\":\"Korrektorat & Lektorat - Cornelia Gr\u00e4f\",\"isPartOf\":{\"@id\":\"https:\/\/www.corneliagraef.de\/textberatung\/#website\"},\"datePublished\":\"2019-05-01T13:58:53+00:00\",\"dateModified\":\"2019-08-31T13:38:33+00:00\",\"description\":\"Sie m\u00f6chten Ihre Professionalit\u00e4t mit einem fehlerfreien Text zeigen? Ich korrigiere Buchmanuskripte, Bachelorarbeiten, Masterarbeiten uvm.\",\"breadcrumb\":{\"@id\":\"https:\/\/www.corneliagraef.de\/textberatung\/korrektorat-lektorat\/#breadcrumb\"},\"inLanguage\":\"de\",\"potentialAction\":[{\"@type\":\"ReadAction\",\"target\":[\"https:\/\/www.corneliagraef.de\/textberatung\/korrektorat-lektorat\/\"]}]},{\"@type\":\"BreadcrumbList\",\"@id\":\"https:\/\/www.corneliagraef.de\/textberatung\/korrektorat-lektorat\/#breadcrumb\",\"itemListElement\":[{\"@type\":\"ListItem\",\"position\":1,\"name\":\"Home\",\"item\":\"https:\/\/www.corneliagraef.de\/textberatung\/\"},{\"@type\":\"ListItem\",\"position\":2,\"name\":\"Korrektorat &#038; Lektorat\"}]},{\"@type\":\"WebSite\",\"@id\":\"https:\/\/www.corneliagraef.de\/textberatung\/#website\",\"url\":\"https:\/\/www.corneliagraef.de\/textberatung\/\",\"name\":\"Cornelia Gr\u00e4f\",\"description\":\"\",\"publisher\":{\"@id\":\"https:\/\/www.corneliagraef.de\/textberatung\/#organization\"},\"potentialAction\":[{\"@type\":\"SearchAction\",\"target\":{\"@type\":\"EntryPoint\",\"urlTemplate\":\"https:\/\/www.corneliagraef.de\/textberatung\/?s={search_term_string}\"},\"query-input\":{\"@type\":\"PropertyValueSpecification\",\"valueRequired\":true,\"valueName\":\"search_term_string\"}}],\"inLanguage\":\"de\"},{\"@type\":\"Organization\",\"@id\":\"https:\/\/www.corneliagraef.de\/textberatung\/#organization\",\"name\":\"Cornelia Gr\u00e4f\",\"url\":\"https:\/\/www.corneliagraef.de\/textberatung\/\",\"logo\":{\"@type\":\"ImageObject\",\"inLanguage\":\"de\",\"@id\":\"https:\/\/www.corneliagraef.de\/textberatung\/#\/schema\/logo\/image\/\",\"url\":\"https:\/\/www.corneliagraef.de\/wp-content\/uploads\/sites\/3\/2019\/08\/cropped-Hero_Textberatung-03_neu.jpg\",\"contentUrl\":\"https:\/\/www.corneliagraef.de\/wp-content\/uploads\/sites\/3\/2019\/08\/cropped-Hero_Textberatung-03_neu.jpg\",\"width\":249,\"height\":250,\"caption\":\"Cornelia Gr\u00e4f\"},\"image\":{\"@id\":\"https:\/\/www.corneliagraef.de\/textberatung\/#\/schema\/logo\/image\/\"}}]}<\/script>\n<!-- \/ Yoast SEO plugin. -->","yoast_head_json":{"title":"Korrektorat & Lektorat - Cornelia Gr\u00e4f","description":"Sie m\u00f6chten Ihre Professionalit\u00e4t mit einem fehlerfreien Text zeigen? Ich korrigiere Buchmanuskripte, Bachelorarbeiten, Masterarbeiten uvm.","robots":{"index":"index","follow":"follow","max-snippet":"max-snippet:-1","max-image-preview":"max-image-preview:large","max-video-preview":"max-video-preview:-1"},"canonical":"https:\/\/www.corneliagraef.de\/textberatung\/korrektorat-lektorat\/","og_locale":"de_DE","og_type":"article","og_title":"Korrektorat & Lektorat - Cornelia Gr\u00e4f","og_description":"Sie m\u00f6chten Ihre Professionalit\u00e4t mit einem fehlerfreien Text zeigen? Ich korrigiere Buchmanuskripte, Bachelorarbeiten, Masterarbeiten uvm.","og_url":"https:\/\/www.corneliagraef.de\/textberatung\/korrektorat-lektorat\/","og_site_name":"Cornelia Gr\u00e4f","article_modified_time":"2019-08-31T13:38:33+00:00","twitter_card":"summary_large_image","schema":{"@context":"https:\/\/schema.org","@graph":[{"@type":"WebPage","@id":"https:\/\/www.corneliagraef.de\/textberatung\/korrektorat-lektorat\/","url":"https:\/\/www.corneliagraef.de\/textberatung\/korrektorat-lektorat\/","name":"Korrektorat & Lektorat - Cornelia Gr\u00e4f","isPartOf":{"@id":"https:\/\/www.corneliagraef.de\/textberatung\/#website"},"datePublished":"2019-05-01T13:58:53+00:00","dateModified":"2019-08-31T13:38:33+00:00","description":"Sie m\u00f6chten Ihre Professionalit\u00e4t mit einem fehlerfreien Text zeigen? Ich korrigiere Buchmanuskripte, Bachelorarbeiten, Masterarbeiten uvm.","breadcrumb":{"@id":"https:\/\/www.corneliagraef.de\/textberatung\/korrektorat-lektorat\/#breadcrumb"},"inLanguage":"de","potentialAction":[{"@type":"ReadAction","target":["https:\/\/www.corneliagraef.de\/textberatung\/korrektorat-lektorat\/"]}]},{"@type":"BreadcrumbList","@id":"https:\/\/www.corneliagraef.de\/textberatung\/korrektorat-lektorat\/#breadcrumb","itemListElement":[{"@type":"ListItem","position":1,"name":"Home","item":"https:\/\/www.corneliagraef.de\/textberatung\/"},{"@type":"ListItem","position":2,"name":"Korrektorat &#038; Lektorat"}]},{"@type":"WebSite","@id":"https:\/\/www.corneliagraef.de\/textberatung\/#website","url":"https:\/\/www.corneliagraef.de\/textberatung\/","name":"Cornelia Gr\u00e4f","description":"","publisher":{"@id":"https:\/\/www.corneliagraef.de\/textberatung\/#organization"},"potentialAction":[{"@type":"SearchAction","target":{"@type":"EntryPoint","urlTemplate":"https:\/\/www.corneliagraef.de\/textberatung\/?s={search_term_string}"},"query-input":{"@type":"PropertyValueSpecification","valueRequired":true,"valueName":"search_term_string"}}],"inLanguage":"de"},{"@type":"Organization","@id":"https:\/\/www.corneliagraef.de\/textberatung\/#organization","name":"Cornelia Gr\u00e4f","url":"https:\/\/www.corneliagraef.de\/textberatung\/","logo":{"@type":"ImageObject","inLanguage":"de","@id":"https:\/\/www.corneliagraef.de\/textberatung\/#\/schema\/logo\/image\/","url":"https:\/\/www.corneliagraef.de\/wp-content\/uploads\/sites\/3\/2019\/08\/cropped-Hero_Textberatung-03_neu.jpg","contentUrl":"https:\/\/www.corneliagraef.de\/wp-content\/uploads\/sites\/3\/2019\/08\/cropped-Hero_Textberatung-03_neu.jpg","width":249,"height":250,"caption":"Cornelia Gr\u00e4f"},"image":{"@id":"https:\/\/www.corneliagraef.de\/textberatung\/#\/schema\/logo\/image\/"}}]}},"_links":{"self":[{"href":"https:\/\/www.corneliagraef.de\/textberatung\/wp-json\/wp\/v2\/pages\/19","targetHints":{"allow":["GET"]}}],"collection":[{"href":"https:\/\/www.corneliagraef.de\/textberatung\/wp-json\/wp\/v2\/pages"}],"about":[{"href":"https:\/\/www.corneliagraef.de\/textberatung\/wp-json\/wp\/v2\/types\/page"}],"author":[{"embeddable":true,"href":"https:\/\/www.corneliagraef.de\/textberatung\/wp-json\/wp\/v2\/users\/1"}],"replies":[{"embeddable":true,"href":"https:\/\/www.corneliagraef.de\/textberatung\/wp-json\/wp\/v2\/comments?post=19"}],"version-history":[{"count":4,"href":"https:\/\/www.corneliagraef.de\/textberatung\/wp-json\/wp\/v2\/pages\/19\/revisions"}],"predecessor-version":[{"id":292,"href":"https:\/\/www.corneliagraef.de\/textberatung\/wp-json\/wp\/v2\/pages\/19\/revisions\/292"}],"wp:attachment":[{"href":"https:\/\/www.corneliagraef.de\/textberatung\/wp-json\/wp\/v2\/media?parent=19"}],"curies":[{"name":"wp","href":"https:\/\/api.w.org\/{rel}","templated":true}]}}